thousands digit of u(-35)?
4
What is the tens digit of 393 + 1 + -6 + (5 - 1)?
9
Suppose 1536 = 4*m + 5*z, 4*m = -4*z - 0*z + 1536. What is the hundreds digit of m?
3
Let h(s) = -s**2 - 2*s + 7. Let u be h(3). Suppose -4*b = 2*n + 170, 0*n - n - 217 = 5*b. What is the tens digit of 134/11 - u/b?
1
Suppose 2*d - 60 = 236. What is the hundreds digit of d?
1
Let x(c) = 161*c - 638. What is the thousands digit of x(15)?
1
Let v(d) = -d**2 - 59*d + 416. What is the hundreds digit of v(-55)?
6
Let v(o) = -o**2 - 7*o + 9. Let i(l) = -l**2 - 10*l + 13. Let x(c) = 5*i(c) - 7*v(c). Let r be x(1). What is the tens digit of (2 + 51/9)*r?
2
Let k = -74 - -77. Suppose 33 = 5*m + 2*b, -m = -k*m + 4*b + 18. What is the units digit of m?
7
Let g(n) = 787*n**2 - n + 1. What is the tens digit of g(-2)?
5
Suppose 4*n - 5 = b, 0*b - 4*b - 4*n = 0. What is the units digit of -1 + b + -3 + 52?
7
What is the hundreds digit of 3/((-36)/(-16))*1086?
4
Let h(l) = -791*l - 522. What is the tens digit of h(-5)?
3
Let t(n) = -42*n - n**3 + 16*n**2 + 16*n - 6 + 14*n. What is the tens digit of t(6)?
8
Suppose -2*x = 5*n - 690, x = n + 2*x - 135. Suppose 8*y - 964 = n. What is the units digit of y?
8
Suppose 2*o = -8, -5*p + 2*o + 120 + 993 = 0. What is the units digit of p?
1
Suppose -2 = a - 3*c, 2*a - 1 = a + 4*c. Let r = 13 + a. Suppose -g - 9 = r*j - 3*j, -g + 18 = 2*j. What is the units digit of j?
9
Suppose -6*x = -8*x - 6. What is the units digit of (-2)/(-8) - 1286*x/24?
1
Suppose n - 34 = -n + 2*q, 0 = -3*n - q + 31. Let g be (-8)/n + (-348)/(-9). Let j = g + -19. What is the units digit of j?
9
Let z = 1801 + -1017. What is the tens digit of z?
8
Let g(j) = j**3 + 2197*j**2 + 272 - 3*j - 2197*j**2. What is the units digit of g(0)?
2
Let n = 76 - 257. Let t = n - -327. What is the units digit of t?
6
Let j(b) = b**2 - b - 2. Let m be j(-6). Suppose m*r = 41*r - 93. What is the units digit of r?
3
Let z = -1670 - -2655. What is the hundreds digit of z?
9
Let y(p) be the first derivative of 10*p**3/3 - 3*p**2/2 - 9*p - 7. What is the tens digit of y(-3)?
9
Suppose 2*o = 10, -o - 110 = -5*z - 5*o. Let w = 29 - z. What is the tens digit of w?
1
Suppose 4*t + 4*r - 6*r - 4380 = 0, -5*t + 5482 = r. What is the units digit of t?
6
Let b(x) = -4*x**2 + 2*x + 2. Let p be b(-2). Let f be 8/(4/54*-3). Let o = p - f. What is the units digit of o?
8
What is the hundreds digit of (5061/42)/((-39)/(-18) + -2)?
7
Let x(g) be the second derivative of g**4/6 - 7*g**3/2 + 11*g**2 - 22*g. What is the tens digit of x(16)?
9
Let l(v) = -v - 7. Let p be l(-6). Let a be (p - -1) + 2 + -13. What is the units digit of 168/44 + (-2)/a?
4
What is the tens digit of (-3)/(-3) + 2 + 87?
9
Let t(k) = 15 - 2*k**2 - 7*k**2 + k**3 + 8*k - 4. Suppose 4 + 44 = 6*o. What is the tens digit of t(o)?
1
Let y = -12 + 12. Suppose 0 = 4*n + 3*a + 30, 16 = -y*n - 2*n - a. Let j = 50 + n. What is the tens digit of j?
4
Suppose -5*j + 5*z = -25, -j + 2*z = -5*j + 50. Let x be (j - -1)/(5/25). Let k = 128 - x. What is the units digit of k?
3
What is the tens digit of 2/6 + 821721/207?
7
Suppose 0 = -2*d, -62 = u - 2*d + 64. Let n = u + 297. What is the tens digit of n?
7
Let a be -1*-3*17 + -3. Suppose -a = -10*s + 8*s. What is the units digit of s?
4
Suppose 5*v - 5*s - 360 = 0, 4*v - 120 = -3*s + 168. Suppose 5*y + 2*j - 55 = -3*j, -2*j = -5*y + 34. Suppose -5*t - v = -y*t. What is the units digit of t?
4
Let m = 20 + 36. What is the tens digit of m + (0 - (4 + -1))?
5
Let f = -112 + 346. What is the units digit of f?
4
Suppose 3*d + 101 = 38. Let k = d + 23. Suppose k*l = l + 50. What is the tens digit of l?
5
Let p = -3 + -151. Let q = -65 - p. What is the tens digit of q?
8
Let i be (-354)/8*(-208)/39. Let n = -134 + i. What is the tens digit of n?
0
Suppose -4*j + 4*c + 452 = 0, 3*c = 5*j + 5*c - 579. Suppose j = 7*z + 45. What is the tens digit of z?
1
What is the units digit of (-41)/(4/10*10/(-8))?
2
Let h = 12 - 9. What is the tens digit of (-1 + 0)*-39 + (h - 0)?
4
Suppose -4*r = 2*s - 2892, -4*s + 0*s - 2892 = -4*r. What is the hundreds digit of r?
7
Suppose -7*g = -841 + 155. Let a be (-19)/(-4)*(6 - 2). Suppose 0 = -3*u + g + a. What is the tens digit of u?
3
Suppose 0 = -n + 4*q - 1 + 15, -5*n + q + 146 = 0. Suppose -3*w - 63 = -3*d, d - 6*w = -2*w + n. Let m = d - -11. What is the tens digit of m?
2
Suppose v = t + 1, v - 5*t - 3 = -10. Let m(d) = -d**3 - 4*d**2 - 5*d - 6. Let w be m(-4). Let x = v + w. What is the units digit of x?
7
Suppose u - 2*u = 3*i + 13, -2*i = -u + 7. What is the units digit of (-10 - -11)/((-3)/(-143 + u))?
8
Suppose 5*q + 192 = 9*q. Suppose 3*f - 141 = q. What is the tens digit of f?
6
Suppose -3*h = -5*n + 17, 0 = 2*n + 3*h + 4 - 15. What is the tens digit of 8/n + 3 + 11 + 0?
1
Suppose -2*p + r = 888, -4*r = p + 492 - 66. What is the hundreds digit of p/(-3) + (4 - 52/12)?
1
Suppose 0 = 2*i - 8, 5*i = 2*w + 2*i + 12. Suppose 4*r - 41 - 15 = w. What is the tens digit of r?
1
Let g(c) = 12*c**2 + 6*c - 125. What is the units digit of g(-16)?
1
Suppose 2*s - s - 8 = 0. Suppose 2*i + s = 0, -3*o - 2*o = i - 246. What is the units digit of o?
0
Let i(z) = -30*z - 19. What is the units digit of i(-21)?
1
Let m(j) = j**3 - j**2 + j + 2. Let y be m(3). Suppose -8*h = -y*h + 555. What is the units digit of h?
7
Let w(r) = r + 9. Let z be w(-5). Suppose k - z*b - 78 = 0, -2*b = -2*k + 3*b + 171. Suppose -x = -2*q + 2*x + 94, 2*q = 4*x + k. What is the tens digit of q?
4
Let c be 3 + 0 + 138/2. Let n be 3/4 + 234/c. Suppose -5*f + b = -25, -b - 25 = n*b. What is the units digit of f?
4
Let d(t) be the second derivative of -t**5/20 + 7*t**4/12 + 2*t**3/3 - 2*t. Let m = -63 + 70. What is the tens digit of d(m)?
2
Let r = 422 - 38. What is the tens digit of r?
8
Suppose 3*i = u + 4703, i - 8*u - 1561 = -11*u. What is the thousands digit of i?
1
Let k = 1329 + 801. What is the tens digit of k?
3
Suppose 10197 = 13*y + 785. Suppose -y + 80 = -7*x. What is the tens digit of x?
9
What is the hundreds digit of 21150/5 + 9 + 2?
2
Let a = -35 + 37. Let y be (165 + a)*4/4. Let l = y - 113. What is the units digit of l?
4
Suppose -g + 7 - 6 = 0. Suppose -k - g = -5. Suppose -u + 2*u - k*i - 90 = 0, -u - 4*i = -58. What is the tens digit of u?
7
Let l(r) = -r**2 + 16*r - 7. Let m be l(15). Suppose 5*z - z = m. Suppose -68 = -z*k + 5*y, -k + y + 44 = 10. What is the units digit of k?
4
Let z(g) = 4*g**2 - 11*g - 4. What is the hundreds digit of z(-8)?
3
Suppose 5*g + 5*u - 20 = 0, 3*u - 2 + 39 = 4*g. Suppose -g = q - 28. What is the units digit of q?
1
Suppose -4*x + 0 = -d + 5, 0 = 2*x + 8. Let c(l) = l**3 + 11*l**2 + 1. Let a be c(d). What is the units digit of a + 1 - (-7 - -2)?
7
Let w = -49 + 432. What is the hundreds digit of w?
3
Suppose 3*j = 4*j - 4*h, -j = -3*h. Suppose -2*o + 3*z = -5*o + 12, -z - 2 = j. Let y(u) = 2*u**2 - 9*u + 15. What is the units digit of y(o)?
3
Suppose 2317 = 3*r + 4*d, d - 786 = 5*r - 4663. What is the units digit of r?
5
Let s = 6 - 0. Suppose s*p - 55 = 71. What is the tens digit of p?
2
Let j(s) = -369*s - 13. Let a be j(3). Let q = -505 - a. What is the tens digit of 8/2 - q/(-15)?
4
Suppose -4*u = -2*b + 1574, 4*b + 2*u - 3172 = -2*u. What is the units digit of b?
1
Suppose 403 - 1239 = -2*x. What is the units digit of x?
8
Let k be 1/(1 + 15/(-12)) - -4. Let n(w) = 5*w**2 - 5 - 2*w - 3*w**2 + 4*w + 66. What is the units digit of n(k)?
1
Suppose -b + 3 + 1 = 0. Let i be (0/44)/(9*1). Suppose 0 = 5*x - 10*x - 4*s + 107, 2*x + b*s - 50 = i. What is the units digit of x?
9
Suppose -2*p - 4*h - 12 = 0, -2*p - 6 = -3*p + h. Suppose -d = 3*b + p, 3*b - d - 2 = -2*b. Suppose 2*a - 4*a + 26 = b. What is the tens digit of a?
1
Suppose p = 5*p + 2*w - 52, 0 = 3*w. Let m = p + 62. What is the units digit of m?
5
Let h(y) be the second derivative of y**5/20 - y**4/6 - y**3/2 + 7*y**2/2 - 6*y. What is the units digit of h(3)?
7
Suppose -717 = -i - 168. What is the units digit of i?
9
Suppose -p + 2*z - 3*z = -62, -3*p - 5*z + 192 = 0. Let h(b) = 4*b. Let n be h(9). Let o = p - n. What is the units digit of o?
3
Let r = 26 - 91. Let u = 81 + r. What is the tens digit of u?
1
What is the units digit of (-2713)/(-7) + (-72)/126?
7
Let c(i) = -71*i**2 - 2*i. Let g